{"id":18934,"date":"2026-04-22T18:20:57","date_gmt":"2026-04-22T18:20:57","guid":{"rendered":"https:\/\/ikarus.pe\/tienda\/?post_type=product&#038;p=18934"},"modified":"2026-04-22T18:29:14","modified_gmt":"2026-04-22T18:29:14","slug":"leon-con-chullo-3","status":"publish","type":"product","link":"https:\/\/ikarus.pe\/tienda\/store\/sin-categoria\/poleras\/leon-con-chullo-3\/","title":{"rendered":"Leon con chullo"},"content":{"rendered":"<ul>\n<li>Polera\u00a0 confeccionada con franela 100% algod\u00f3n te\u00f1ido reactivo.<\/li>\n<li>Impresi\u00f3n en serigraf\u00eda tacto cero con tintas eco amigables.<\/li>\n<li>Polera pre lavada y suavizada<\/li>\n<li>Producci\u00f3n de Edici\u00f3n Limitada<\/li>\n<li>Medidas de tallas en galer\u00eda de im\u00e1genes.<\/li>\n<\/ul>\n<p>Indicaciones de lavado:<\/p>\n<ul>\n<li>Lavar a mano : Evita el uso de lavadora<\/li>\n<li>No usar lej\u00eda, ni detergentes fuertes<\/li>\n<\/ul>\n","protected":false},"excerpt":{"rendered":"Polera\u00a0 confeccionada con franela 100% algod\u00f3n te\u00f1ido reactivo. Impresi\u00f3n en serigraf\u00eda tacto cero con tintas eco amigables. Polera pre lavada y suavizada Producci\u00f3n de Edici\u00f3n Limitada Medidas de tallas en galer\u00eda de im\u00e1genes. Indicaciones de lavado: Lavar a mano : Evita el uso de lavadora No usar lej\u00eda, ni detergentes fuertes","protected":false},"featured_media":18779,"comment_status":"open","ping_status":"closed","template":"","meta":[],"_links":{"self":[{"href":"https:\/\/ikarus.pe\/tienda\/wp-json\/wp\/v2\/product\/18934"}],"collection":[{"href":"https:\/\/ikarus.pe\/tienda\/wp-json\/wp\/v2\/product"}],"about":[{"href":"https:\/\/ikarus.pe\/tienda\/wp-json\/wp\/v2\/types\/product"}],"replies":[{"embeddable":true,"href":"https:\/\/ikarus.pe\/tienda\/wp-json\/wp\/v2\/comments?post=18934"}],"wp:featuredmedia":[{"embeddable":true,"href":"https:\/\/ikarus.pe\/tienda\/wp-json\/wp\/v2\/media\/18779"}],"wp:attachment":[{"href":"https:\/\/ikarus.pe\/tienda\/wp-json\/wp\/v2\/media?parent=18934"}],"curies":[{"name":"wp","href":"https:\/\/api.w.org\/{rel}","templated":true}]}}